{"id":1829,"date":"2018-08-20T10:10:15","date_gmt":"2018-08-20T13:10:15","guid":{"rendered":"https:\/\/nitt.ufcg.edu.br\/?page_id=1829"},"modified":"2021-12-02T18:58:18","modified_gmt":"2021-12-02T21:58:18","slug":"nossos-servicos-2","status":"publish","type":"page","link":"https:\/\/nitt.ufcg.edu.br\/?page_id=1829","title":{"rendered":"Nossos servi\u00e7os"},"content":{"rendered":"<p>Segundo a Conven\u00e7\u00e3o da OMPI, Propriedade Intelectual (PI) \u00e9 a soma dos direitos relativos \u00e0s obras liter\u00e1rias, art\u00edsticas e cient\u00edficas, \u00e0s interpreta\u00e7\u00f5es dos artistas int\u00e9rpretes e \u00e0s execu\u00e7\u00f5es dos artistas executantes, aos fonogramas e \u00e0s emiss\u00f5es de radiodifus\u00e3o, \u00e0s inven\u00e7\u00f5es em todos os dom\u00ednios da atividade humana, \u00e0s descobertas cient\u00edficas, aos desenhos e modelos industriais, \u00e0s marcas industriais, comerciais e de servi\u00e7o, bem como \u00e0s firmas comerciais e denomina\u00e7\u00f5es comerciais, \u00e0 prote\u00e7\u00e3o contra a concorr\u00eancia desleal e todos os outros direitos inerentes \u00e0 atividade intelectual nos dom\u00ednios industrial, cient\u00edfico, liter\u00e1rio e art\u00edstico.<\/p>\n<p>Buscando melhorar o atendimento ao pesquisador, estamos preparando os seguintes servi\u00e7os:<\/p>\n<p><strong>1 &#8211; Orienta\u00e7\u00e3o em Propriedade Intelectual:<\/strong><\/p>\n<p>1.1 &#8211; Como redigir e depositar um pedido de Patentes?<div class=\"row\">\n<div class=\"col-md-6\">\n<p>Modelos e Recomenda\u00e7\u00f5es<\/p>\n<a href=\"https:\/\/nitt.ufcg.edu.br\/redacao-de-patentes\/\" class=\"btn btn-primary btn-lg\"> Acessar &gt;&gt; <\/a>\n<\/div>\n<div class=\"col-md-6\">\n<p>Formul\u00e1rios de Solicita\u00e7\u00e3o de Registro de Patentes<\/p>\n<a href=\"https:\/\/nitt.ufcg.edu.br\/formularios\/\" class=\"btn btn-primary btn-lg\"> Acessar &gt;&gt;<\/a>\n<\/div>\n<\/div>\n<p>1.2 &#8211; Como preparar e depositar um pedido de Registro de Software?<\/p>\n<div class=\"row\">\n<div class=\"col-md-12\">\n<p>Formul\u00e1rios de Solicita\u00e7\u00e3o:<\/p>\n<a href=\"https:\/\/nitt.ufcg.edu.br\/formularios\/\" class=\"btn btn-primary btn-lg\"> Acessar &gt;&gt;<\/a>\n<\/div>\n<\/div>\n<p>1.3 &#8211; Como preparar um registro de Marcas?<\/p>\n<div class=\"row\">\n<div class=\"col-md-12\">\n<p>Formul\u00e1rios de Solicita\u00e7\u00e3o:<\/p>\n<a href=\"https:\/\/nitt.ufcg.edu.br\/formularios\/\" class=\"btn btn-primary btn-lg\"> Acessar &gt;&gt;<\/a>\n<\/div>\n<\/div>\n<p>1.4 &#8211; Como preparar um registro de Desenho Industrial?<\/p>\n<div class=\"row\">\n<div class=\"col-md-12\">\n<p>Formul\u00e1rios de Solicita\u00e7\u00e3o:<\/p>\n<a href=\"https:\/\/nitt.ufcg.edu.br\/formularios\/\" class=\"btn btn-primary btn-lg\"> Acessar &gt;&gt;<\/a>\n<\/div>\n<\/div>\n<p><strong>2 &#8211; Avalia\u00e7\u00e3o dos requisitos de patenteabilidade previstos na Lei de Propriedade Industrial 9.279\/96, s\u00e3o:<\/strong><\/p>\n<p>2.1 &#8211; Novidade: a mat\u00e9ria-objeto da pesquisa precisa ser nova, ou melhor, n\u00e3o pode ter sido revelada previamente, seja por via oral, escrita ou seu uso; logo n\u00e3o pode pertencer ao estado da t\u00e9cnica;<\/p>\n<p>Entende-se que h\u00e1 novidade em um pedido de patente sempre que n\u00e3o for antecipado de forma integral por um \u00fanico documento constante do estado da t\u00e9cnica. Apesar da patente ser territorial, ou seja, valer apenas no pa\u00eds em que o titular der entrada, a aferi\u00e7\u00e3o de novidade ser\u00e1 em \u00e2mbito\u00a0mundial.<\/p>\n<div class=\"row\">\n<div class=\"col-md-12\"><a href=\"#\" class=\"btn btn-primary btn-lg\"> Em breve<\/a>\n<\/div>\n<\/div>\n<p>2.2 &#8211; Atividade Inventiva: os resultados da pesquisa n\u00e3o podem ser \u00f3bvios para um t\u00e9cnico especializado no assunto, ou seja, n\u00e3o podem ser resultantes de uma mera combina\u00e7\u00e3o de fatores j\u00e1 pertencentes ao estado da t\u00e9cnica sem que haja um efeito t\u00e9cnico novo e inesperado, nem uma simples substitui\u00e7\u00e3o de meios ou materiais conhecidos por outros que tenham conhecida a mesma fun\u00e7\u00e3o;<\/p>\n<div class=\"row\">\n<div class=\"col-md-12\"><a href=\"#\" class=\"btn btn-primary btn-lg\">\u00a0Em breve<\/a>\n<\/div>\n<\/div>\n<p>2.3 &#8211; Aplica\u00e7\u00e3o: a inven\u00e7\u00e3o deve ter aplica\u00e7\u00e3o seriada e industrial em qualquer meio produtivo;<\/p>\n<div class=\"row\">\n<div class=\"col-md-12\"><a href=\"#\" class=\"btn btn-primary btn-lg\">\u00a0Em breve<\/a>\n<\/div>\n<\/div>\n<p>2.4 &#8211; Sufici\u00eancia\u00a0descritiva:\u00a0do Art. 24 &#8211; O relat\u00f3rio dever\u00e1 descrever clara e suficientemente o objeto, de modo a possibilitar sua realiza\u00e7\u00e3o por t\u00e9cnico no assunto e indicar, quando for o caso, a melhor forma de execu\u00e7\u00e3o;<\/p>\n<div class=\"row\">\n<div class=\"col-md-12\"><a href=\"#\" class=\"btn btn-primary btn-lg\">\u00a0Em breve<\/a>\n<\/div>\n<\/div>\n<p>3 &#8211; Busca de anterioridades\u00a0(Estado da T\u00e9cnica);<\/p>\n<p>Levantamento do estado da t\u00e9cnica:\u00a0Pela\u00a0<a href=\"http:\/\/www.planalto.gov.br\/ccivil_03\/Leis\/L9279.htm\" target=\"_blank\" rel=\"noopener\"><span style=\"color: #3366ff;\">Lei da Propriedade Intelectual (9.279\/96)<\/span><\/a>,o Estado da T\u00e9cnica \u00e9 tudo aquilo tornado p\u00fablico antes da data de dep\u00f3sito do pedido de patente por qualquer meio (escrito ou oral), que tenha comprova\u00e7\u00e3o de data no Brasil ou exterior.<\/p>\n<div class=\"row\">\n<div class=\"col-md-12\"><a href=\"#\" class=\"btn btn-primary btn-lg\">\u00a0Em breve<\/a>\n<\/div>\n<\/div>\n<p>4 &#8211; Prospec\u00e7\u00e3o Tecnol\u00f3gica:<\/p>\n<p><em>TechMining<\/em><\/p>\n<p>O m\u00e9todo minera\u00e7\u00e3o de tecnologias, tamb\u00e9m denominado <em>tech mining<\/em>, consiste em analisar informa\u00e7\u00f5es de fontes de dados em C&amp;T tais como as patentes, artigos cient\u00edficos e demais acervos de tecnologia. Este m\u00e9todo \u00e9 um desdobramento evolucion\u00e1rio de outros m\u00e9todos, tais como: an\u00e1lise de conte\u00fado, minera\u00e7\u00e3o em textos <em>(text mining)<\/em> ou dados <em>(data mining)<\/em>, bibliometria e seus cong\u00eaneres (cientometria e tecnometria), que evolu\u00edram como os avan\u00e7os computacionais no processamento de linguagem natural e dos usu\u00e1rios (1).<\/p>\n<p><a href=\"https:\/\/nitt.ufcg.edu.br\/wp-content\/uploads\/2017\/08\/processo-tech-mining.png\"><img loading=\"lazy\" decoding=\"async\" src=\"https:\/\/nitt.ufcg.edu.br\/wp-content\/uploads\/2017\/08\/processo-tech-mining.png\" alt=\"processo-tech-mining\" width=\"909\" height=\"243\" \/><\/a><\/p>\n<div class=\"row\">\n<div class=\"col-md-12\"><a href=\"#\" class=\"btn btn-primary btn-lg\">\u00a0Em breve<\/a>\n<\/div>\n<\/div>\n<p>Refer\u00eancia: (1) PORTER, A. L.; CUNNINGHAM, S. W. Tech mining: exploiting new technologies for competitive advantage. 1. ed. EUA: Wiley. com, 2004.<\/p>\n<p>Roadmap:\u00a0Em breve&#8230;;<\/p>\n<div class=\"row\">\n<div class=\"col-md-12\"><a href=\"#\" class=\"btn btn-primary btn-lg\">\u00a0Em breve<\/a>\n<\/div>\n<\/div>\n<p>5 &#8211; Assessoria jur\u00eddica para contratos de transfer\u00eancia tecnol\u00f3gica;<\/p>\n<div class=\"row\">\n<div class=\"col-md-12\"><a href=\"#\" class=\"btn btn-primary btn-lg\">\u00a0Em breve<\/a>\n<\/div>\n<\/div>\n<p>6 &#8211; Procedimentos de prote\u00e7\u00e3o de PI:<\/p>\n<div class=\"row\">\n<div class=\"col-md-12\"><a href=\"https:\/\/nitt.ufcg.edu.br\/formularios\/\" class=\"btn btn-primary btn-lg\"> Acessar &gt;&gt;<\/a>\n<\/div>\n<\/div>\n","protected":false},"excerpt":{"rendered":"<p>Segundo a Conven\u00e7\u00e3o da OMPI, Propriedade Intelectual (PI) \u00e9 a soma dos direitos relativos \u00e0s obras liter\u00e1rias, art\u00edsticas e cient\u00edficas, \u00e0s interpreta\u00e7\u00f5es dos artistas int\u00e9rpretes e \u00e0s execu\u00e7\u00f5es dos artistas executantes, aos fonogramas e \u00e0s emiss\u00f5es de radiodifus\u00e3o, \u00e0s inven\u00e7\u00f5es em todos os dom\u00ednios da atividade humana, \u00e0s descobertas cient\u00edficas, aos desenhos e modelos industriais,<a href=\"https:\/\/nitt.ufcg.edu.br\/?page_id=1829\">[&#8230;]<\/a><\/p>\n","protected":false},"author":1,"featured_media":0,"parent":0,"menu_order":0,"comment_status":"closed","ping_status":"closed","template":"template-fullwidth.php","meta":{"footnotes":""},"class_list":["post-1829","page","type-page","status-publish","hentry"],"_links":{"self":[{"href":"https:\/\/nitt.ufcg.edu.br\/index.php?rest_route=\/wp\/v2\/pages\/1829","targetHints":{"allow":["GET"]}}],"collection":[{"href":"https:\/\/nitt.ufcg.edu.br\/index.php?rest_route=\/wp\/v2\/pages"}],"about":[{"href":"https:\/\/nitt.ufcg.edu.br\/index.php?rest_route=\/wp\/v2\/types\/page"}],"author":[{"embeddable":true,"href":"https:\/\/nitt.ufcg.edu.br\/index.php?rest_route=\/wp\/v2\/users\/1"}],"replies":[{"embeddable":true,"href":"https:\/\/nitt.ufcg.edu.br\/index.php?rest_route=%2Fwp%2Fv2%2Fcomments&post=1829"}],"version-history":[{"count":5,"href":"https:\/\/nitt.ufcg.edu.br\/index.php?rest_route=\/wp\/v2\/pages\/1829\/revisions"}],"predecessor-version":[{"id":2281,"href":"https:\/\/nitt.ufcg.edu.br\/index.php?rest_route=\/wp\/v2\/pages\/1829\/revisions\/2281"}],"wp:attachment":[{"href":"https:\/\/nitt.ufcg.edu.br\/index.php?rest_route=%2Fwp%2Fv2%2Fmedia&parent=1829"}],"curies":[{"name":"wp","href":"https:\/\/api.w.org\/{rel}","templated":true}]}}